{"id":165,"date":"2023-10-02T00:20:20","date_gmt":"2023-10-01T21:20:20","guid":{"rendered":"https:\/\/tulaycobankent.av.tr\/?page_id=165"},"modified":"2023-10-02T00:20:20","modified_gmt":"2023-10-01T21:20:20","slug":"ticaret-hukuku","status":"publish","type":"page","link":"https:\/\/tulaycobankent.av.tr\/?page_id=165","title":{"rendered":"Ticaret Hukuku"},"content":{"rendered":"\n<p><strong>T\u0130CARET HUKUKU<\/strong><\/p>\n\n\n\n<p>Ticaret hukuku veya \u015firketler hukuku olarak da bilinen ticaret hukuku, ticari i\u015flemleri ve ticari faaliyetleri y\u00f6neten yasa ve y\u00f6netmelikler b\u00fct\u00fcn\u00fcn\u00fc ifade eder. S\u00f6zle\u015fmeler, sat\u0131\u015flar, ticari senetler, teminatl\u0131 i\u015flemler ve ciro edilebilir ara\u00e7lar dahil olmak \u00fczere ticaretle ilgili \u00e7ok \u00e7e\u015fitli yasal konular\u0131 kapsar.<\/p>\n\n\n\n<p>Ticaret hukuku ile T\u00fcrk Ticaret Kanununda yer alan baz\u0131 kilit alanlar\u0131 \u015funlar\u0131 i\u00e7erir:<\/p>\n\n\n\n<p>S\u00f6zle\u015fme hukuku: Ticaret hukuku, i\u015fletmeler ve bireyler aras\u0131ndaki s\u00f6zle\u015fmelerin olu\u015fturulmas\u0131n\u0131, yorumlanmas\u0131n\u0131 ve uygulanmas\u0131n\u0131 d\u00fczenler. Buna sat\u0131\u015f, istihdam, hizmetler ve kiralamalarla ilgili s\u00f6zle\u015fmeler dahildir.<\/p>\n\n\n\n<p>\u015eirketler hukuku: Ticaret hukuku, \u015firketlerin olu\u015fumu ve y\u00f6netimi ile ilgili d\u00fczenlemeler sa\u011flar. Kurumsal y\u00f6netim, menkul k\u0131ymetler d\u00fczenlemesi ve birle\u015fme ve devralmalarla ilgili d\u00fczenlemeleri i\u00e7erir.<\/p>\n\n\n\n<p>Ta\u015f\u0131ma \u0130\u015fleri: Yolcu ta\u015f\u0131mas\u0131 ile e\u015fya ta\u015f\u0131mas\u0131na ili\u015fkin alt\u0131na almak i\u00e7in kurallar ve d\u00fczenlemeler sa\u011flam\u0131\u015ft\u0131r.<\/p>\n\n\n\n<p>Deniz Ticareti : Gemi kimli\u011finden navlun s\u00f6zle\u015fmesine kadar deniz ticaretine ili\u015fkin bir\u00e7ok s\u00f6zle\u015fme ve mevzular\u0131 i\u00e7ererek kanunun be\u015finci kitab\u0131nda yer edinmi\u015ftir.<\/p>\n\n\n\n<p>K\u0131ymetli Evrak: Ticaret hukuku, \u00e7ek, senet ve kambiyo senedi gibi k\u0131ymetli evraklarla ilgili kural ve d\u00fczenlemeler sa\u011flar. Bu enstr\u00fcmanlar\u0131n devri ve m\u00fczakeresine ili\u015fkin d\u00fczenlemeleri i\u00e7erir.<\/p>\n\n\n\n<p>Sigorta Hukuku: Kanunun alt\u0131nc\u0131 kitab\u0131nda yer alan sigorta hukukuna ili\u015fkin mevzuat\u0131n yer ald\u0131\u011f\u0131 b\u00f6l\u00fcmde can ve zarar sigortalar\u0131 olmak \u00fczerinde sigorta hukuku iki ba\u015fl\u0131k alt\u0131nda d\u00fczenlenmi\u015ftir.<\/p>\n\n\n\n<p>Ticaret hukuku, karma\u015f\u0131k ve s\u00fcrekli geli\u015fen bir hukuk alan\u0131d\u0131r ve i\u015fletmelerin yasal geli\u015fmelerden haberdar olmalar\u0131 ve \u00f6nemli ticari kararlar al\u0131rken deneyimli hukuk uzmanlar\u0131ndan tavsiye almalar\u0131 \u00f6nemlidir.<\/p>\n","protected":false},"excerpt":{"rendered":"<p>T\u0130CARET HUKUKU Ticaret hukuku veya \u015firketler hukuku olarak da bilinen ticaret hukuku, ticari i\u015flemleri ve ticari faaliyetleri y\u00f6neten yasa ve y\u00f6netmelikler b\u00fct\u00fcn\u00fcn\u00fc ifade eder. S\u00f6zle\u015fmeler, sat\u0131\u015flar, ticari senetler, teminatl\u0131 i\u015flemler ve ciro edilebilir ara\u00e7lar dahil olmak \u00fczere ticaretle ilgili \u00e7ok \u00e7e\u015fitli yasal konular\u0131 kapsar. Ticaret hukuku ile T\u00fcrk Ticaret Kanununda yer alan baz\u0131 kilit alanlar\u0131 [&hellip;]<\/p>\n","protected":false},"author":1,"featured_media":166,"parent":20,"menu_order":9,"comment_status":"open","ping_status":"closed","template":"","meta":{"footnotes":""},"class_list":["post-165","page","type-page","status-publish","has-post-thumbnail","hentry"],"_links":{"self":[{"href":"https:\/\/tulaycobankent.av.tr\/index.php?rest_route=\/wp\/v2\/pages\/165","targetHints":{"allow":["GET"]}}],"collection":[{"href":"https:\/\/tulaycobankent.av.tr\/index.php?rest_route=\/wp\/v2\/pages"}],"about":[{"href":"https:\/\/tulaycobankent.av.tr\/index.php?rest_route=\/wp\/v2\/types\/page"}],"author":[{"embeddable":true,"href":"https:\/\/tulaycobankent.av.tr\/index.php?rest_route=\/wp\/v2\/users\/1"}],"replies":[{"embeddable":true,"href":"https:\/\/tulaycobankent.av.tr\/index.php?rest_route=%2Fwp%2Fv2%2Fcomments&post=165"}],"version-history":[{"count":1,"href":"https:\/\/tulaycobankent.av.tr\/index.php?rest_route=\/wp\/v2\/pages\/165\/revisions"}],"predecessor-version":[{"id":167,"href":"https:\/\/tulaycobankent.av.tr\/index.php?rest_route=\/wp\/v2\/pages\/165\/revisions\/167"}],"up":[{"embeddable":true,"href":"https:\/\/tulaycobankent.av.tr\/index.php?rest_route=\/wp\/v2\/pages\/20"}],"wp:featuredmedia":[{"embeddable":true,"href":"https:\/\/tulaycobankent.av.tr\/index.php?rest_route=\/wp\/v2\/media\/166"}],"wp:attachment":[{"href":"https:\/\/tulaycobankent.av.tr\/index.php?rest_route=%2Fwp%2Fv2%2Fmedia&parent=165"}],"curies":[{"name":"wp","href":"https:\/\/api.w.org\/{rel}","templated":true}]}}