{"id":162,"date":"2023-10-02T00:18:52","date_gmt":"2023-10-01T21:18:52","guid":{"rendered":"https:\/\/tulaycobankent.av.tr\/?page_id=162"},"modified":"2023-10-02T00:18:52","modified_gmt":"2023-10-01T21:18:52","slug":"icra-hukuku","status":"publish","type":"page","link":"https:\/\/tulaycobankent.av.tr\/?page_id=162","title":{"rendered":"\u0130cra Hukuku"},"content":{"rendered":"\n<p><strong>\u0130CRA HUKUKU<\/strong><\/p>\n\n\n\n<p>\u0130cra hukuku, borcunu \u00f6deyemeyen bor\u00e7lunun borcunun, alacakl\u0131n\u0131n talebi \u00fczerine, devlet zoruyla ta\u015f\u0131n\u0131r ve ta\u015f\u0131nmaz varl\u0131klar\u0131na el konarak kar\u015f\u0131lanmas\u0131n\u0131 konu alan hukuk dal\u0131d\u0131r. T\u00fcrkiye&#8217;de icra hukuku, ilams\u0131z veya ilaml\u0131 dedi\u011fimiz mahkeme kararlar\u0131n\u0131 uygulamak i\u00e7in y\u00fcr\u00fcrl\u00fckte olan yasal sistem ve mekanizmalar\u0131 ifade eder. Mahkeme karar ve h\u00fck\u00fcmlerinin icras\u0131, ki\u015fi ve kurulu\u015flar\u0131n hukuka uymas\u0131n\u0131 ve adaletin yerini bulmas\u0131n\u0131 sa\u011flad\u0131\u011f\u0131 i\u00e7in T\u00fcrk hukuk sisteminin etkin bir \u015fekilde i\u015flemesi i\u00e7in elzemdir.<\/p>\n\n\n\n<p>T\u00fcrkiye&#8217;de icra hukuku, ilk olarak 1932&#8217;de \u00e7\u0131kar\u0131lan ve o zamandan beri \u00e7e\u015fitli revizyonlardan ge\u00e7en \u0130cra ve \u0130flas Kanunu&#8217;na tabidir. Kanun, malvarl\u0131\u011f\u0131na el konulmas\u0131, alacaklar\u0131n tahsili ve tahliyelerin infaz\u0131 da dahil olmak \u00fczere, mahkeme kararlar\u0131n\u0131n ve h\u00fck\u00fcmlerinin infaz\u0131na ili\u015fkin usul ve esaslar\u0131 belirlemektedir.<\/p>\n\n\n\n<p>Alaca\u011f\u0131n tahsili y\u00f6n\u00fcnden icra takibinin s\u00fcrekli takip edilmesi, s\u00fcrelerin ka\u00e7\u0131r\u0131lmamas\u0131 \u00f6nemli olup ma\u011fduriyet ya\u015famamak ad\u0131na s\u00fcrecin avukat taraf\u0131ndan takip edilmesi, alaca\u011fa daha h\u0131zl\u0131 ula\u015fmak i\u00e7in \u00f6nemli olacakt\u0131r.<\/p>\n","protected":false},"excerpt":{"rendered":"<p>\u0130CRA HUKUKU \u0130cra hukuku, borcunu \u00f6deyemeyen bor\u00e7lunun borcunun, alacakl\u0131n\u0131n talebi \u00fczerine, devlet zoruyla ta\u015f\u0131n\u0131r ve ta\u015f\u0131nmaz varl\u0131klar\u0131na el konarak kar\u015f\u0131lanmas\u0131n\u0131 konu alan hukuk dal\u0131d\u0131r. T\u00fcrkiye&#8217;de icra hukuku, ilams\u0131z veya ilaml\u0131 dedi\u011fimiz mahkeme kararlar\u0131n\u0131 uygulamak i\u00e7in y\u00fcr\u00fcrl\u00fckte olan yasal sistem ve mekanizmalar\u0131 ifade eder. Mahkeme karar ve h\u00fck\u00fcmlerinin icras\u0131, ki\u015fi ve kurulu\u015flar\u0131n hukuka uymas\u0131n\u0131 ve adaletin [&hellip;]<\/p>\n","protected":false},"author":1,"featured_media":163,"parent":20,"menu_order":8,"comment_status":"open","ping_status":"closed","template":"","meta":{"footnotes":""},"class_list":["post-162","page","type-page","status-publish","has-post-thumbnail","hentry"],"_links":{"self":[{"href":"https:\/\/tulaycobankent.av.tr\/index.php?rest_route=\/wp\/v2\/pages\/162","targetHints":{"allow":["GET"]}}],"collection":[{"href":"https:\/\/tulaycobankent.av.tr\/index.php?rest_route=\/wp\/v2\/pages"}],"about":[{"href":"https:\/\/tulaycobankent.av.tr\/index.php?rest_route=\/wp\/v2\/types\/page"}],"author":[{"embeddable":true,"href":"https:\/\/tulaycobankent.av.tr\/index.php?rest_route=\/wp\/v2\/users\/1"}],"replies":[{"embeddable":true,"href":"https:\/\/tulaycobankent.av.tr\/index.php?rest_route=%2Fwp%2Fv2%2Fcomments&post=162"}],"version-history":[{"count":1,"href":"https:\/\/tulaycobankent.av.tr\/index.php?rest_route=\/wp\/v2\/pages\/162\/revisions"}],"predecessor-version":[{"id":164,"href":"https:\/\/tulaycobankent.av.tr\/index.php?rest_route=\/wp\/v2\/pages\/162\/revisions\/164"}],"up":[{"embeddable":true,"href":"https:\/\/tulaycobankent.av.tr\/index.php?rest_route=\/wp\/v2\/pages\/20"}],"wp:featuredmedia":[{"embeddable":true,"href":"https:\/\/tulaycobankent.av.tr\/index.php?rest_route=\/wp\/v2\/media\/163"}],"wp:attachment":[{"href":"https:\/\/tulaycobankent.av.tr\/index.php?rest_route=%2Fwp%2Fv2%2Fmedia&parent=162"}],"curies":[{"name":"wp","href":"https:\/\/api.w.org\/{rel}","templated":true}]}}